{"id":5183,"date":"2021-08-02T15:53:00","date_gmt":"2021-08-02T15:53:00","guid":{"rendered":"https:\/\/www.college-park.us\/politica-de-cookies\/"},"modified":"2021-08-02T15:53:00","modified_gmt":"2021-08-02T15:53:00","slug":"politica-de-cookies","status":"publish","type":"page","link":"https:\/\/www.college-park.us\/lat\/politica-de-cookies\/","title":{"rendered":"Politica de cookies"},"content":{"rendered":"<div class=\"std\">\n<h4>Este sitio, como muchos otros, utiliza archivos peque\u00f1os llamados cookies que nos ayudan a personalizar su experiencia. Obtenga m\u00e1s informaci\u00f3n sobre las cookies y c\u00f3mo puede controlarlas.<\/h4>\n<p>En esta p\u00e1gina encontrar\u00e1 informaci\u00f3n acerca de qu\u00e9 son las cookies, las cookies que utiliza el sitio web de College Park Industries (&#8220;nos&#8221;, &#8220;nosotros&#8221;, &#8220;nuestro&#8221;, &#8220;College Park&#8221; o &#8220;Compa\u00f1\u00eda&#8221;), c\u00f3mo desactivar las cookies en el navegador, espec\u00edficamente c\u00f3mo desactivar las cookies publicitarias y algunos enlaces \u00fatiles para saber m\u00e1s sobre el tema. Si no encuentra aqu\u00ed la informaci\u00f3n que estaba buscando o tiene m\u00e1s preguntas sobre el uso de las cookies en el sitio web de la Compa\u00f1\u00eda, env\u00ede un correo electr\u00f3nico a <a href=\"&quot;mailto:webadmin@college-park.com\">webadmin@college-park.com<\/a><\/p>\n<h4>\u00bfQu\u00e9 son las cookies?<\/h4>\n<p>Las cookies son peque\u00f1os archivos de texto que el navegador (por ejemplo, Internet Explorer o Safari) almacena en su computadora o tel\u00e9fono m\u00f3vil. Les permiten a los sitios web almacenar cosas como sus preferencias de usuario. Imagine que las cookies sirven de &#8220;memoria&#8221; al sitio web para que este pueda reconocerle cuando regrese y actuar adecuadamente.<\/p>\n<h4>\u00bfC\u00f3mo utilizamos las cookies?<\/h4>\n<p>En nuestro Sitio podr\u00e1 encontrar los siguientes tipos de cookies:<\/p>\n<ul>\n<li>Cookies funcionales<\/li>\n<li>Anonymous analytics cookies<\/li>\n<li>Cookies de geolocalizaci\u00f3n<\/li>\n<li>Cookies publicitarias<\/li>\n<li>Cookies publicitarias de terceros<\/li>\n<\/ul>\n<h4>Cookies funcionales<\/h4>\n<p>Este tipo de cookie recuerda sus preferencias respecto de herramientas disponibles en el sitio web de la Compa\u00f1\u00eda para que no tenga que reconfigurarlas cada vez que lo visita. Algunos ejemplos:<\/p>\n<ul>\n<li>Los ajustes de volumen de nuestro reproductor de video<\/li>\n<li>Si desea visualizar los nuevos contenidos primero<\/li>\n<li>Las velocidades de streaming de video que son compatibles con su navegador<\/li>\n<\/ul>\n<h4>Cookies anal\u00edticas an\u00f3nimas<\/h4>\n<p>Cada vez que una persona visita nuestro sitio web, el software provisto por otra organizaci\u00f3n crea una &#8220;cookie anal\u00edtica an\u00f3nima&#8221;. Estas cookies nos pueden decir si ha visitado nuestro sitio anteriormente o no. Su navegador nos informar\u00e1 si usted tiene estas cookies y, en caso contrario, crearemos nuevas cookies. Esto nos permite identificar cu\u00e1ntos usuarios \u00fanicos tenemos y con qu\u00e9 frecuencia visitan el sitio.<\/p>\n<p>A menos que haya iniciado sesi\u00f3n en el Sitio, no podemos utilizar estas cookies para identificar personas. Las utilizamos para recopilar estad\u00edsticas como, por ejemplo, la cantidad de visitas que tiene una p\u00e1gina. Si ha iniciado sesi\u00f3n, tambi\u00e9n conoceremos la informaci\u00f3n que nos brind\u00f3 a tal efecto, como su nombre de usuario y su direcci\u00f3n de correo electr\u00f3nico.<\/p>\n<h4>Cookies de geolocalizaci\u00f3n<\/h4>\n<p>TEstas cookies son utilizadas por el software que trata de identificar en qu\u00e9 pa\u00eds se encuentra a trav\u00e9s de informaci\u00f3n provista por el navegador cuando hace clic en una p\u00e1gina web. Esta cookie es completamente an\u00f3nima y solo la utilizamos para ayudarnos a adaptar nuestros contenidos (como cuando visualiza una p\u00e1gina de inicio espec\u00edfica para su pa\u00eds) y publicidad.<\/p>\n<h4>Cookies publicitarias<\/h4>\n<p>Estas cookies nos permiten saber si ha visto o no un tipo de anuncio o un anuncio en particular, y cu\u00e1ndo fue la \u00faltima vez que lo vio. Tambi\u00e9n utilizamos cookies para desarrollar publicidad selectiva. Podremos usar cookies creadas por otra organizaci\u00f3n a fin de seleccionar la publicidad para usted de forma m\u00e1s efectiva. Estas cookies son an\u00f3nimas (almacenan informaci\u00f3n sobre lo que ve en nuestro sitio, pero no qui\u00e9n es usted).<\/p>\n<h4>Cookies publicitarias de terceros<\/h4>\n<p>Algunos contenidos disponibles en el Sitio pertenecen a otras organizaciones. Algunas de estas organizaciones utilizan sus propias cookies an\u00f3nimas para identificar cu\u00e1nta gente vio un anuncio en particular o cu\u00e1nta gente lo vio m\u00e1s de una vez. Las empresas que crean estas cookies tienen sus propias pol\u00edticas de privacidad. Nosotros no tenemos acceso a leer ni escribir estas cookies. Dichas organizaciones podr\u00e1n utilizar sus cookies para seleccionar de forma an\u00f3nima la publicidad para usted en otros sitios web, bas\u00e1ndose en su visita al Sitio.<\/p>\n<h4>Otras cookies de terceros<\/h4>\n<p>Otras organizaciones podr\u00e1n crear sus propias cookies an\u00f3nimas en algunas p\u00e1ginas de nuestro sitio web. Lo hacen para controlar el \u00e9xito de su aplicaci\u00f3n o para personalizar la aplicaci\u00f3n para usted. Debido a c\u00f3mo funcionan las cookies, nuestro sitio web no tiene acceso a estas cookies y las otras organizaciones no pueden acceder a la informaci\u00f3n de las cookies que utilizamos en nuestro sitio web.<\/p>\n<h4>\u00bfC\u00f3mo desactivo las cookies?<\/h4>\n<p>Con frecuencia, es posible configurar su navegador para que no acepte m\u00e1s cookies o para que deje de aceptar cookies de un sitio web en particular. Sin embargo, sin el uso de las cookies no podemos saber si ha iniciado sesi\u00f3n; por lo tanto, no podr\u00eda publicar comentarios. Todos los navegadores modernos permiten modificar la configuraci\u00f3n de las cookies. Generalmente, dicha configuraci\u00f3n se encuentra en el men\u00fa &#8220;Opciones&#8221; o &#8220;Preferencias&#8221; del navegador. Los siguientes enlaces podr\u00e1n serle de utilidad para comprender dicha configuraci\u00f3n. Tambi\u00e9n puede utilizar la opci\u00f3n &#8220;Ayuda&#8221; del navegador para obtener m\u00e1s informaci\u00f3n.<\/p>\n<ul>\n<li><a href=\"http:\/\/windows.microsoft.com\/es-MX\/internet-explorer\/delete-manage-cookies#ie=ie-10\" target=\"_blank\" rel=\"noopener noreferrer\">Configuraci\u00f3n de cookies en Internet Explorer<\/a><\/li>\n<li><a href=\"http:\/\/support.mozilla.com\/es-MX\/kb\/Cookies\" target=\"_blank\" rel=\"noopener noreferrer\">Configuraci\u00f3n de cookies en Firefox<\/a><\/li>\n<li><a href=\"https:\/\/support.google.com\/chrome\/answer\/95647?hl=en&amp;ref_topic=14666\" target=\"_blank\" rel=\"noopener noreferrer\">Configuraci\u00f3n de cookies en Chrome<\/a><\/li>\n<li><a href=\"https:\/\/support.apple.com\/kb\/PH17191?locale=en_US\" target=\"_blank\" rel=\"noopener noreferrer\">Configuraci\u00f3n de cookies en Safari web<\/a> y <a href=\"http:\/\/support.apple.com\/kb\/HT1677\" target=\"_blank\" rel=\"noopener noreferrer\">iOS<\/a><\/li>\n<\/ul>\n<p>Si su mayor preocupaci\u00f3n son las cookies de terceros creadas por anunciantes, puede desactivarlas en el sitio <a href=\"http:\/\/www.youronlinechoices.com\/es\" target=\"_blank\" rel=\"noopener noreferrer\">Your Online Choices<\/a>.<\/p>\n<p>Para obtener m\u00e1s informaci\u00f3n, tambi\u00e9n puede visitar el organismo comercial que representa a dichas plataformas publicitarias: <a href=\"http:\/\/www.networkadvertising.org\/\" target=\"_blank\" rel=\"noopener noreferrer\">Network Advertising Initiative<\/a>.<\/p>\n<h4>Enlaces \u00fatiles<\/h4>\n<p>ISi desea obtener m\u00e1s informaci\u00f3n sobre las cookies y su uso en Internet, los siguientes enlaces podr\u00e1n resultarle de utilidad:<\/p>\n<ul>\n<li><a href=\"https:\/\/support.microsoft.com\/es-mx\/help\/260971\/description-of-cookies\" target=\"_blank\" rel=\"noopener noreferrer\">Gu\u00eda de cookies de Microsoft<\/a><\/li>\n<li><a href=\"http:\/\/www.allaboutcookies.org\/\" target=\"_blank\" rel=\"noopener noreferrer\">Todo sobre cookies<\/a><\/li>\n<\/ul>\n<p>La Asociaci\u00f3n de Publicidad Interactiva (IAB, por sus siglas en ingl\u00e9s) ha provisto el siguiente sitio web para brindar informaci\u00f3n espec\u00edfica sobre cuestiones de privacidad relacionadas con la publicidad en Internet: <a href=\"http:\/\/www.youronlinechoices.com\/es\/\" target=\"_blank\" rel=\"noopener noreferrer\">www.youronlinechoices.com\/es\/<\/a><\/p>\n<p>Los siguientes enlaces podr\u00e1n resultarle \u00fatiles si desea m\u00e1s informaci\u00f3n legal sobre cuestiones de privacidad:<\/p>\n<ul>\n<li><a href=\"http:\/\/www.opsi.gov.uk\/acts\/acts1998\/ukpga_19980029_en_1\" target=\"_blank\" rel=\"noopener noreferrer\">Ley de protecci\u00f3n de datos de 1998<\/a><\/li>\n<li><a href=\"http:\/\/www.ico.gov.uk\/\" target=\"_blank\" rel=\"noopener noreferrer\">Oficina del Comisionado de Informaci\u00f3n<\/a><\/li>\n<\/ul>\n<p>Si desea contactarnos acerca de las cookies, env\u00edenos un correo electr\u00f3nico: <a href=\"mailto:webadmin@college-park.com\">webadmin@college-park.com<\/a>.<\/p>\n<\/div>\n","protected":false},"excerpt":{"rendered":"<p>Este sitio, como muchos otros, utiliza archivos peque\u00f1os llamados cookies que nos ayudan a personalizar su experiencia. Obtenga m\u00e1s informaci\u00f3n sobre las cookies y c\u00f3mo puede controlarlas. En esta p\u00e1gina encontrar\u00e1 informaci\u00f3n acerca de qu\u00e9 son las cookies, las cookies que utiliza el sitio web de College Park Industries (&#8220;nos&#8221;, &#8220;nosotros&#8221;, &#8220;nuestro&#8221;, &#8220;College Park&#8221; o &hellip; <\/p>\n<p class=\"link-more\"><a href=\"https:\/\/www.college-park.us\/lat\/politica-de-cookies\/\" class=\"more-link\">Continue reading<span class=\"screen-reader-text\"> &#8220;Politica de cookies&#8221;<\/span><\/a><\/p>\n","protected":false},"author":1,"featured_media":0,"parent":0,"menu_order":0,"comment_status":"closed","ping_status":"closed","template":"","meta":{"_acf_changed":false,"footnotes":""},"class_list":["post-5183","page","type-page","status-publish","hentry"],"acf":[],"_links":{"self":[{"href":"https:\/\/www.college-park.us\/lat\/wp-json\/wp\/v2\/pages\/5183","targetHints":{"allow":["GET"]}}],"collection":[{"href":"https:\/\/www.college-park.us\/lat\/wp-json\/wp\/v2\/pages"}],"about":[{"href":"https:\/\/www.college-park.us\/lat\/wp-json\/wp\/v2\/types\/page"}],"author":[{"embeddable":true,"href":"https:\/\/www.college-park.us\/lat\/wp-json\/wp\/v2\/users\/1"}],"replies":[{"embeddable":true,"href":"https:\/\/www.college-park.us\/lat\/wp-json\/wp\/v2\/comments?post=5183"}],"version-history":[{"count":0,"href":"https:\/\/www.college-park.us\/lat\/wp-json\/wp\/v2\/pages\/5183\/revisions"}],"wp:attachment":[{"href":"https:\/\/www.college-park.us\/lat\/wp-json\/wp\/v2\/media?parent=5183"}],"curies":[{"name":"wp","href":"https:\/\/api.w.org\/{rel}","templated":true}]}}