{"id":7869,"date":"2025-11-11T21:09:22","date_gmt":"2025-11-11T21:09:22","guid":{"rendered":"https:\/\/www.college-park.us\/?post_type=product&#038;p=7869"},"modified":"2025-12-17T16:47:01","modified_gmt":"2025-12-17T16:47:01","slug":"adaptador-de-tubo-impermeable","status":"publish","type":"product","link":"https:\/\/www.college-park.us\/lat\/product\/adaptador-de-tubo-impermeable\/","title":{"rendered":"Adaptador de tubo impermeable de 30 mm, titanio"},"content":{"rendered":"","protected":false},"excerpt":{"rendered":"<p>Los pies con ingenier\u00eda de punta requieren componentes con ingenier\u00eda de punta. College Park dise\u00f1\u00f3 cuidadosamente nuestra l\u00ednea de componentes endoesquel\u00e9ticos, utiliz\u00f3 titanio, acero inoxidable y aluminio del grado alto para mejores resultados y mayor tranquilidad. El pil\u00f3n impermeable fue dise\u00f1ado y probado para la resistencia a la corrosi\u00f3n, lo que le permiti\u00f3 recibir la aprobaci\u00f3n para sumergirse en el oc\u00e9ano y en piscinas con cloro. <\/p>\n","protected":false},"featured_media":7880,"template":"","meta":{"_acf_changed":false},"product_brand":[],"product_cat":[365],"product_tag":[],"class_list":{"0":"post-7869","1":"product","2":"type-product","3":"status-publish","4":"has-post-thumbnail","6":"product_cat-lower-limb-lat","8":"first","9":"instock","10":"shipping-taxable","11":"product-type-simple"},"acf":[],"_links":{"self":[{"href":"https:\/\/www.college-park.us\/lat\/wp-json\/wp\/v2\/product\/7869","targetHints":{"allow":["GET"]}}],"collection":[{"href":"https:\/\/www.college-park.us\/lat\/wp-json\/wp\/v2\/product"}],"about":[{"href":"https:\/\/www.college-park.us\/lat\/wp-json\/wp\/v2\/types\/product"}],"wp:featuredmedia":[{"embeddable":true,"href":"https:\/\/www.college-park.us\/lat\/wp-json\/wp\/v2\/media\/7880"}],"wp:attachment":[{"href":"https:\/\/www.college-park.us\/lat\/wp-json\/wp\/v2\/media?parent=7869"}],"wp:term":[{"taxonomy":"product_brand","embeddable":true,"href":"https:\/\/www.college-park.us\/lat\/wp-json\/wp\/v2\/product_brand?post=7869"},{"taxonomy":"product_cat","embeddable":true,"href":"https:\/\/www.college-park.us\/lat\/wp-json\/wp\/v2\/product_cat?post=7869"},{"taxonomy":"product_tag","embeddable":true,"href":"https:\/\/www.college-park.us\/lat\/wp-json\/wp\/v2\/product_tag?post=7869"}],"curies":[{"name":"wp","href":"https:\/\/api.w.org\/{rel}","templated":true}]}}